+ 1251. Calculate o(11).
-3
Let x(t) = 45*t + 492. Determine x(-11).
-3
Let r(h) = -h**3 - 20*h**2 - 37*h + 3. What is r(-19)?
345
Let t(s) = -s**3 + 3*s**2 - 3*s - 3. Determine t(0).
-3
Let h(t) = -t**3 + 13*t**2 - 8*t + 14. Calculate h(12).
62
Let b(a) = -19*a**2 - 83*a + 55. What is b(-5)?
-5
Let x(v) = v**3 - 18*v**2 + 58*v + 14. Determine x(9).
-193
Let f(n) = 2*n**3 - 180*n**2 + 3893*n - 186. Give f(36).
-6
Let x(k) = -28*k**2 + 52*k - 3. Calculate x(2).
-11
Let z(g) = 7*g**2 - 17*g + 27. What is z(9)?
441
Let v(k) = k**3 + 20*k**2 - 15*k + 106. What is v(-21)?
-20
Let f(r) = -145*r - 7. Calculate f(0).
-7
Let c(g) = g**3 + g**2 - g - 90. Determine c(0).
-90
Let s(g) = g**2 - 35*g + 362. Calculate s(17).
56
Let m(y) = -2*y**2 + 3481*y - 10437. What is m(3)?
-12
Let w(g) = -36*g + 408. Determine w(12).
-24
Let j(l) = -l**3 - 63*l**2 - 273*l + 976. Determine j(-58).
-10
Let z(x) = 9*x**2 + 160*x + 130. Give z(-18).
166
Let i(j) = 80*j - 527. Determine i(9).
193
Let a(g) = 6*g - 84. What is a(19)?
30
Let x(o) = 11*o**2 + 47*o + 9. Calculate x(-5).
49
Let s(m) = -m**3 - 21*m**2 - 109*m + 8. Determine s(-6).
122
Let m(l) = -3*l**2 + 117*l - 1148. What is m(19)?
-8
Let a(s) = -6*s**2 - 73*s - 127. Determine a(-2).
-5
Let n(g) = 109*g + 519. Give n(-5).
-26
Let x(y) = 3*y**2 + 954*y + 7444. Give x(-310).
4
Let v(s) = 6*s**2 - 30*s + 1. What is v(5)?
1
Let c(m) = -2*m**2 - 13*m + 5. Give c(0).
5
Let v(d) = d**2 - 202*d - 4686. Determine v(-21).
-3
Let y(v) = 106*v - 161. What is y(-5)?
-691
Let b(t) = -t**2 - 31*t + 180. Give b(0).
180
Let v(f) = 27*f - 5. Give v(-1).
-32
Let x(o) = o**2 - 12*o - 453. Determine x(24).
-165
Let l(a) = a**3 + 13*a**2 - a - 9. Give l(-13).
4
Let o(w) = w**3 + 33*w**2 + 113*w + 143. What is o(-29)?
230
Let r(p) = p**3 - 16*p**2 - 20*p + 301. Calculate r(16).
-19
Let z(q) = -54*q - 40. Determine z(5).
-310
Let r(z) = z**2 + 4*z - 560. What is r(33)?
661
Let d(r) = r**2 - 53*r + 618. What is d(18)?
-12
Let g(j) = -22*j + 390. Give g(20).
-50
Let v(p) = -p**3 - p**2 + 2*p + 30. Determine v(4).
-42
Let q(s) = 647*s + 15525. Determine q(-24).
-3
Let i(f) = -245*f + 1981. Give i(8).
21
Let m(r) = 2*r**3 - 210*r**2 + 4*r - 416. Determine m(105).
4
Let m(q) = q**3 - 7*q**2 - 18*q - 4. Determine m(8).
-84
Let u(t) = 56*t + 761. Calculate u(-6).
425
Let y(a) = -a**3 + 45*a**2 - 418*a - 59. Determine y(32).
-123
Let z(i) = -2*i**2 + 336*i + 1758. Calculate z(173).
28
Let j(k) = -106*k + 4031. Give j(38).
3
Let s(t) = -3*t**2 - 5*t + 65. Determine s(3).
23
Let k(h) = h**3 + 28*h**2 + 171*h - 1. Give k(-19).
-1
Let p(g) = 154*g + 754. What is p(-5)?
-16
Let l(v) = -v**3 - 44*v**2 + 25*v - 638. Determine l(-45).
262
Let i(c) = -17261*c - 51798. Calculate i(-3).
-15
Let s(v) = -61*v + 2098. What is s(36)?
-98
Let d(x) = -3*x**3 - x**2 - 4*x - 2. Give d(0).
-2
Let c(u) = 65*u - 1755. Give c(27).
0
Let d(y) = -3*y**2 - 43*y + 14. Calculate d(-8).
166
Let i(g) = -g**3 - 11*g**2 + 55*g - 1. Determine i(5).
-126
Let f(m) = 2097*m - 44044. What is f(21)?
-7
Let v(n) = 358*n + 356. Calculate v(-1).
-2
Let p(j) = j**3 - 23*j**2 - 286*j - 171. Give p(32).
-107
Let a(x) = -x**3 + 7*x**2 + 51*x - 87. Give a(11).
-10
Let l(s) = 7*s**3 + 276*s**2 + 379*s - 51. Determine l(-38).
-13
Let d(g) = 9*g**3 + 474*g**2 - 163*g - 85. Determine d(-53).
127
Let a(p) = 4*p**3 + 125*p**2 + 53*p + 691. Calculate a(-31).
9
Let t(n) = n**2 - 51*n + 588. Give t(34).
10
Let z(u) = 92*u + 1605. What is z(-10)?
685
Let t(j) = j**3 - 13*j**2 + 74*j - 276. Determine t(8).
-4
Let a(b) = -b**3 - 117*b**2 - 134*b - 2081. What is a(-116)?
7
Let x(l) = l**3 + 7*l**2 + 4*l + 2. Determine x(-7).
-26
Let j(f) = 2*f**3 + 8632*f + 17267. Give j(-2).
-13
Let d(l) = l**3 - 46*l**2 + 269*l + 103. Determine d(39).
-53
Let g(d) = 2*d**3 - 39*d**2 - 4*d + 450. Calculate g(19).
13
Let i(v) = 93*v - 1376. Give i(16).
112
Let u(a) = 139*a - 1656. Give u(12).
12
Let w(j) = 101*j - 5858. Give w(58).
0
Let b(g) = g**3 - 2*g**2 + 22*g + 23. Give b(-1).
-2
Let m(h) = h**3 - 16*h**2 - 58*h + 413. What is m(18)?
17
Let r(q) = -9*q**2 + 111*q + 18. Calculate r(8).
330
Let l(s) = s**2 + 27*s - 31. Calculate l(-27).
-31
Let h(f) = -175*f**3 - 6*f + 5. What is h(1)?
-176
Let q(l) = -225*l + 2919. Calculate q(13).
-6
Let g(l) = 2*l**2 + 92*l - 602. What is g(-52)?
22
Let p(m) = -5*m**3 + 3*m**2 - 19*m + 9. Determine p(0).
9
Let v(p) = -3*p**2 + 49*p - 120. Give v(14).
-22
Let g(y) = 53*y + 3071. Calculate g(-57).
50
Let l(o) = 14*o**2 - 27*o - 10. What is l(2)?
-8
Let t(r) = -r**2 - 36*r + 37. Calculate t(-7).
240
Let h(u) = -u**3 - 2*u**2 + 12*u + 15. Give h(-3).
-12
Let g(z) = -z**2 - 47*z - 376. Calculate g(-9).
-34
Let x(b) = b**2 - 92*b + 942. Calculate x(12).
-18
Let l(y) = -7*y - 146. Calculate l(-18).
-20
Let q(f) = f**2 - 165*f - 2902. Determine q(181).
-6
Let i(p) = -p**3 + 4*p**2 + 127*p - 767. What is i(8)?
-7
Let v(o) = -2*o**3 - 7*o**2 - 35*o - 207. Determine v(-5).
43
Let g(w) = -w**2 - 35*w - 76. What is g(-2)?
-10
Let y(s) = -8*s - 175. Determine y(-21).
-7
Let o(j) = -3*j**3 - 25*j**2 - 2*j + 76. What is o(-8)?
28
Let y(h) = h**3 - 31*h**2 + 66*h - 98. Determine y(29).
134
Let i(h) = -h**3 - 7*h**2 + 15*h - 21. Give i(-9).
6
Let j(p) = -8*p**2 - 14*p - 12. Determine j(-1).
-6
Let o(f) = 34*f**2 + 1277*f - 574. Give o(-38).
-4
Let s(j) = -139*j + 5853. Calculate s(42).
15
Let v(w) = -44*w + 212. What is v(16)?
-492
Let x(l) = -29*l + 1440. Give x(50).
-10
Let z(b) = 1612*b - 98322. Determine z(61).
10
Let b(n) = -28*n**2 - 136*n + 135. What is b(1)?
-29
Let i(r) = -44*r + 574. Determine i(13).
2
Let p(c) = c**3 - 7*c**2 - 2*c + 46. Give p(6).
-2
Let z(a) = -24*a**2 - 919*a + 45. Give z(-38).
311
Let s(v) = -v**2 + 71*v + 381. Determine s(77).
-81
Let t(l) = 414*l**2 + 2067*l - 14. Calculate t(-5).
1
Let l(u) = u**2 - 15*u + 2. Determine l(14).
-12
Let j(q) = 2*q**3 - 13*q**2 + 17*q - 1. Calculate j(5).
9
Let h(t) = t**2 - 637*t - 4515. Give h(-7).
-7
Let s(l) = l**3 + 55*l**2 - 144*l - 4949. What is s(-56)?
-21
Let p(q) = q**2 - 14*q - 2736. Give p(-53).
815
Let d(c) = 273*c - 12551. Give d(46).
7
Let v(a) = 2*a - 194. Calculate v(-8).
-210
Let p(u) = -33*u**2 - 2*u + 3. Give p(-1).
-28
Let y(p) = 5*p**2 + 6*p - 82. Calculate y(9).
377
Let j(w) = 222*w - 2890. Calculate j(13).
-4
Let u(y) = -y**3 + 5*y**2 + 14*y - 21. Calculate u(8).
-101
Let i(n) = 163*n - 819. Give i(5).
-4
Let o(t) = -7*t**3 - 113*t**2 + 4*t + 325. What is o(-16)?
5
Let d(m) = 233*m - 11862. Calculate d(51).
21
Let l(r) = -2*r**2 + 18*r + 108. Determine l(-7).
-116
Let a(y) = y**2 + 365*y - 3753. Determine a(10).
-3
Let h(r) = 7*r**3 + 16*r**2 - 11*r - 4. Calculate h(1).
8
Let h(o) = -o**3 + 22*o**2 - 28*o + 5. What is h(21)?
-142
Let j(h) = 2*h - 288. What is j(22)?
-244
Let l(v) = -3*v**2 + 28*v + 272. Calculate l(-6).
-4
Let u(x) = 553*x**2 + x - 2. Determine u(1).
552
Let p(j) = 40*j - 83. Determine p(2).
-3
Let i(g) = -2*g**3 - 105*g**2 - 515*g + 84. Give i(-47).
-10
Let r(k) = 4*k**2 + 17*k - 7. Calculate r(-5).
8
Let w(t) = -14*t**2 + 509. What is w(6)?
5
Let f(v) = -27*v**2 - 85*v - 4. What is f(-3)?
8
Let q(y) = -3*y**2 - 955*y - 74303. Give q(-183).
-5
Let i(r) = 3*r**2 - 3*r - 87. Calculate i(9).
129
Let y(o) = -71*o**3 + 206*o**2 + 8*o - 18. What is y(3)?
-57
Let m(a) = -a**2 + 55*a + 4. Calculate m(55).
4
Let v(g) = g**3 - 3*g**2 - 49*g + 197. What is v(5)?
2
Let v(j) = -5*j**2 + 15*j - 6. Calculate v(9).
-276
Let x(s) = -2011*s - 110605. Give x(-55).
0
Let u(j) = -119*j - 472. Determine u(-4).
4
Let f(u) = 262*u + 131. What is f(1)?
393
Let x(g) = -2*g**3 - 22*g**2 - 22*g - 246. Determine x(-11).
-4
Let y(l) = -6*l**2 - 16*l - 106. Determine y(-6).
-226
Let m(n) = 25*n**3 - 6*n**2 - 6*n - 3. Give m(-1).
-28
Let q(x) = -4*x**2 - 252*x - 239. Give q(-62).
9
Let j(t) = 40*t - 2484. Determine j(62).
-4
Let c(t) = 35*t - 33. Calculate c(-9).
-348
Let h(d) = -2*d**3 - 59*d**2 - 51*d - 108. Give h(-29).
530
Let o(b) = 47*b + 49. Give o(-1).
2
Let r(w) = w**3 - 105*w + 35. Calculate r(7).
-357
Let z(h) = -5*h + 640. Determine z(76).
260
Let s(a) = 16*a - 18. Determine s(6).
78
Let x(l) = -4*l - 78. Calculate x(13).
-130
Let v(l) = 53*l**2 + 7*l - 3. What is v(2)?
223
Let x(n) = 87*n + 71. Determine 